Convert -3 (base 16) to base 14.
-3
Convert 0 (base 7) to base 16.
0
Convert -138 (base 9) to base 16.
-74
Convert 10001010 (base 2) to base 7.
255
-26 (base 8) to base 11
-20
68 (base 16) to base 7
206
What is 47 (base 8) in base 10?
39
-30 (base 8) to base 12
-20
What is 32 (base 6) in base 8?
24
Convert -13 (base 11) to base 4.
-32
Convert 36 (base 8) to base 9.
33
What is -5 (base 12) in base 2?
-101
198 (base 10) to base 13
123
-1322 (base 4) to base 3
-11112
What is 111 (base 8) in base 4?
1021
Convert -22112 (base 3) to base 11.
-19a
-3 (base 10) to base 5
-3
What is 1 (base 7) in base 3?
1
Convert -35 (base 13) to base 14.
-32
What is 4 (base 12) in base 16?
4
78 (base 14) to base 13
82
What is -48 (base 9) in base 13?
-35
What is 5 (base 8) in base 3?
12
63 (base 9) to base 3
2010
Convert 210 (base 9) to base 10.
171
What is 3 (base 4) in base 3?
10
What is 197 (base 10) in base 6?
525
What is 37 (base 11) in base 8?
50
85 (base 12) to base 16
65
Convert 5 (base 6) to base 8.
5
Convert -3 (base 15) to base 8.
-3
Convert 34 (base 9) to base 5.
111
What is -1 (base 9) in base 14?
-1
-57 (base 14) to base 13
-5c
What is -24 (base 10) in base 8?
-30
Convert -112 (base 5) to base 2.
-100000
Convert 5 (base 15) to base 6.
5
Convert 8b (base 12) to base 10.
107
What is -3 (base 8) in base 6?
-3
-11 (base 9) to base 11
-a
What is 10 (base 6) in base 13?
6
What is -1 (base 11) in base 16?
-1
Convert a (base 14) to base 2.
1010
What is 1 (base 7) in base 12?
1
Convert 33 (base 12) to base 6.
103
Convert 51 (base 11) to base 7.
110
100 (base 11) to base 4
1321
What is -1 (base 15) in base 16?
-1
Convert b7 (base 12) to base 4.
2023
Convert 6 (base 16) to base 3.
20
Convert -38 (base 16) to base 9.
-62
-3 (base 13) to base 16
-3
-5 (base 15) to base 16
-5
13 (base 9) to base 10
12
Convert 10101110 (base 2) to base 15.
b9
Convert -b (base 13) to base 3.
-102
What is -10 (base 5) in base 4?
-11
-5 (base 9) to base 2
-101
57 (base 8) to base 14
35
Convert 1 (base 5) to base 11.
1
Convert c (base 16) to base 2.
1100
Convert -27 (base 13) to base 8.
-41
What is -3 (base 8) in base 6?
-3
13 (base 7) to base 5
20
What is 4 (base 5) in base 16?
4
-39 (base 11) to base 13
-33
What is -3 (base 11) in base 7?
-3
-163 (base 8) to base 10
-115
Convert 10 (base 2) to base 8.
2
Convert -1a (base 14) to base 7.
-33
Convert -1 (base 13) to base 4.
-1
What is -10 (base 12) in base 16?
-c
What is -2 (base 10) in base 11?
-2
3 (base 5) to base 15
3
What is 1 (base 4) in base 5?
1
-14 (base 10) to base 4
-32
What is -2 (base 9) in base 16?
-2
What is 20112 (base 3) in base 16?
b0
What is 10 (base 7) in base 14?
7
266 (base 7) to base 13
b3
What is -5 (base 11) in base 8?
-5
What is 4 (base 7) in base 14?
4
2 (base 13) to base 10
2
15 (base 6) to base 11
10
Convert -3 (base 14) to base 10.
-3
What is -108 (base 11) in base 2?
-10000001
1 (base 3) to base 4
1
Convert -20 (base 12) to base 4.
-120
Convert -4 (base 5) to base 16.
-4
Convert -9 (base 16) to base 9.
-10
Convert 15 (base 6) to base 9.
12
Convert 1010110 (base 2) to base 13.
68
Convert 3 (base 10) to base 11.
3
What is -1 (base 4) in base 13?
-1
Convert -1000 (base 2) to base 13.
-8
Convert -53 (base 9) to base 13.
-39
What is -7 (base 15) in base 8?
-7
Convert -240 (base 9) to base 11.
-170
Convert -4 (base 6) to base 11.
-4
-1 (base 4) to base 2
-1
What is -111101 (base 2) in base 6?
-141
-25 (base 10) to base 11
-23
Convert -20 (base 4) to base 6.
-12
Convert 4 (base 10) to base 2.
100
What is -3 (base 10) in base 8?
-3
Convert 7 (base 10) to base 13.
7
Convert 23 (base 7) to base 8.
21
Convert -3 (base 15) to base 10.
-3
Convert -202 (base 8) to base 12.
-aa
What is -235 (base 8) in base 15?
-a7
4 (base 13) to base 10
4
-6 (base 8) to base 9
-6
What is 0 (base 2) in base 3?
0
What is 2 (base 4) in base 7?
2
What is -1 (base 13) in base 11?
-1
-122 (base 3) to base 2
-10001
-45 (base 12) to base 7
-104
Convert 6 (base 15) to base 16.
6
-1 (base 10) to base 16
-1
Convert b (base 12) to base 8.
13
What is 0 (base 9) in base 15?
0
What is 35 (base 14) in base 9?
52
2 (base 5) to base 8
2
11b (base 15) to base 16
fb
-2 (base 4) to base 11
-2
What is d (base 16) in base 12?
11
What is 116 (base 14) in base 5?
1331
What is 24 (base 7) in base 12?
16
0 (base 15) to base 10
0
550 (base 7) to base 16
118
-2 (base 15) to base 14
-2
What is 77 (base 14) in base 12?
89
-12 (base 15) to base 16
-11
7 (base 8) to base 13
7
What is -3 (base 9) in base 7?
-3
What is -110 (base 3) in base 9?
-13
What is 11 (base 9) in base 15?
a
What is 1a (base 12) in base 10?
22
What is 15d (base 14) in base 6?
1143
3 (base 11) to base 15
3
What is -2 (base 9) in base 14?
-2
Convert 1 (base 4) to base 12.
1
Convert -10 (base 2) to base 16.
-2
What is -150 (base 9) in base 16?
-7e
What is 14 (base 5) in base 14?
9
1201 (base 3) to base 16
2e
Convert -4 (base 12) to base 14.
-4
What is -1 (base 6) in base 9?
-1
Convert 112 (base 5) to base 2.
100000
Convert -3 (base 15) to base 3.
-10
4 (base 9) to base 12
4
What is 11 (base 10) in base 4?
23
100 (base 7) to base 3
1211
What is -9 (base 15) in base 12?
-9
101 (base 3) to base 11
a
Convert -3 (base 6) to base 14.
-3
Convert -1 (base 16) to base 15.
-1
10010100 (base 2) to base 14
a8
Convert 1 (base 9) to base 2.
1
Convert 4 (base 11) to base 4.
10
Convert -123 (base 14) to base 9.
-272
Convert 1 (base 2) to base 4.
1
What is -10 (base 3) in base 4?
-3
4 (base 11) to base 7
4
-34 (base 11) to base 3
-1101
Convert 6 (base 14) to base 3.
20
12 (base 5) to base 6
11
Convert 46 (base 8) to base 2.
100110
301 (base 4) to base 16
31
What is 8 (base 9) in base 15?
8
Convert -20 (base 5) to base 12.
-a
-20 (base 3) to base 10
-6
1e (base 16) to base 4
132
Convert -d9 (base 14) to base 12.
-13b
What is 7 (base 10) in base 2?
111
3 (base 4) to base 8
3
Convert 11 (base 13) to base 2.
1110
Convert -4 (base 7) to base 5.
-4
3 (base 6) to base 7
3
-8 (base 10) to base 8
-10
-4 (base 13) to base 7
-4
What is 72 (base 8) in base 13?
46
Convert 143 (base 10) to base 3.
12022
What is 65 (base 11) in base 10?
71
Convert -3e (base 16) to base 6.
-142
What is -10 (base 2) in base 7?
-2
What is 85 (base 15) in base 14?
8d
What is 134 (base 6) in base 12?
4a
Convert b (base 14) to base 3.
102
-10 (base 8) to base 14
-8
What is 5 (base 16) in base 9?
5
-10 (base 4) to base 15
-4
Convert 1 (base 15) to base 2.
1
Convert -1e (base 16) to base 3.
-1010
-103 (base 7) to base 2
-110100
What is -1a (base 12) in base 7?
-31
Convert -43 (base 15) to base 11.
-58
What is 233 (base 6) in base 10?
93
-64 (base 16) to base 7
-202
What is 1 (base 6) in base 15?
1
-20001 (base 3) to base 7
-322
-1c6 (base 13) to base 5
-2311
-14 (base 9) to base 11
-12
What is 2 (base 5) in base 10?
2
60 (base 7) to base 15
2c
What is 269 (base 10) in base 6?
1125
-133 (base 5) to base 11
-3a
What is 5 (base 13) in base 15?
5
What is 2 (base 11) in base 9?
2
1 (base 5) to base 13
1
-4 (base 10) to base 14
-4
What is -224 (base 10) in base 4?
-3200
What is 30 (base 13) in base 5?
124
Convert 35 (base 9) to base 8.
40
Convert -37 (base 11) to base 6.
-104
What is -32 (base 9) in base 10?
-29
What is -9 (base 14) in base 13?
-9
What is -9 (base 12) in base 4?
-21
Convert -52 (base 8) to base 6.
-110
3 (base 12) to base 6
3
Convert -12 (base 13) to base 8.
-17
ba (base 14) to base 9
202
-30 (base 4) to base 6
-20
201 (base 10) to base 7
405
Convert 2 (base 11) to base 4.
2
What is -72 (base 8) in base 7?
-112
2 (base 8) to base 6
2
What is 2 (base 4) in base 3?
2
Convert -a (base 11) to base 15.
-a
What is -2221 (base 3) in base 12?
-67
Convert -15 (base 7) to base 5.
-22
27 (base 8) to base 3
212
Convert -1 (base 8) to base 16.
-1
Convert -2 (base 12) to base 10.
-2
80 (base 13) to base 15
6e
Convert 101 (base 2) to base 8.
5
Convert 0 (base 14) to base 12.
0
What is -3 (base 13) in base 7?
-3
Convert 25 (base 8) to base 3.
210
-1010 (base 2) to base 15
-a
What is 321 (base 4) in base 14?
41
Convert -244 (base 9) to base 11.
-174
-a5 (base 12) to base 15
-85
Convert -31 (base 9) to base 10.
-28
What is 12 (base 13) in base 7?
21
-400 (base 7) to base 13
-121
Convert -21 (base 12) to base 4.
-121
Convert -320 (base 5) to base 13.
-67
Convert 